MONTHLY CLIMATOLOGICAL SUMMARY for NOV. 2017

NAME: Meteo-Julianadorp   CITY: Julianadorp STATE: 
ELEV: 8 LAT: 052:53:14 LONG: -004:44:07

                            TEMPERATURE ( C), RAIN (mm), WIND SPEED (kmh)

                                               HEAT     COOL           AVG
      MEAN                                     DEG      DEG            WIND                       DOM
DAY   TEMP    HIGH   TIME     LOW    TIME      DAYS     DAYS    RAIN   SPEED    HIGH    TIME      DIR
--------------------------------------------------------------------------------------------------------
01    13.5    14.7   11:11    12.8   21:23     04.8     00.0    00.4   20.7     44.4    13:48      SW
02    12.7    14.9   11:53    10.2   00:00     05.6     00.0    02.2   10.8     35.1    00:27      W 
03    10.0    12.7   14:34    07.2   03:18     08.3     00.0    00.4   02.1     24.1    20:46      S 
04    11.2    13.2   14:12    09.6   08:53     07.1     00.0    02.8   09.7     40.7    18:52     SSW
05    09.9    11.3   00:31    07.5   10:11     08.4     00.0    10.0   14.4     51.8    23:28      W 
06    08.1    10.7   11:09    03.3   23:26     10.2     00.0    04.8   05.7     44.4    01:10     NNW
07    05.5    09.2   14:21    03.0   07:35     12.8     00.0    00.4   02.9     24.1    19:52      SE
08    06.3    08.3   18:09    03.2   02:34     12.0     00.0    00.4   00.6     24.1    12:26     ENE
09    10.1    12.2   18:47    07.5   06:25     08.2     00.0    00.6   09.5     44.4    13:18      SW
10    10.3    11.6   02:57    07.3   21:53     08.0     00.0    03.8   28.4     68.5    20:37     WSW
11    08.9    10.2   14:15    06.2   23:25     09.4     00.0    05.2   21.3     64.8    03:05      W 
12    07.3    09.3   21:51    05.8   08:43     11.0     00.0    12.8   12.8     62.9    22:28      NW
13    08.7    10.2   11:39    06.8   05:35     09.6     00.0    06.2   18.7     55.5    08:53     NNW
14    10.1    11.4   23:37    08.2   00:55     08.2     00.0    01.6   15.3     51.8    08:32      SW
15    11.4    12.2   12:24    10.5   21:59     06.9     00.0    01.4   02.0     24.1    02:43     SSW
16    10.7    11.9   15:19    08.8   23:54     07.6     00.0    05.6   10.5     33.3    21:07      SW
17    09.0    10.3   14:20    07.2   04:54     09.3     00.0    00.0   10.1     42.5    23:39      SW
18    08.6    09.8   10:24    06.4   22:10     09.7     00.0    08.4   25.5     64.8    11:27     WSW
19    08.3    09.7   12:02    06.9   00:01     10.0     00.0    07.6   20.6     62.9    06:38     WNW
20    08.9    11.6   20:35    06.1   07:39     09.4     00.0    20.4   16.7     46.3    18:24      SW
--------------------------------------------------------------------------------------------------------
09.5 (9.2)   14.9  day 02     03.0  day 07   176.3    000.0   095.0   12.9     68.5   day 11     WSW
Min <=   30: 20
Max Rain: 20.4 ON 20-11-17
Days of Rain: 19 (> .2mm) 12 (> 2mm) 1 (> 20mm)