MONTHLY CLIMATOLOGICAL SUMMARY for FEB. 2018

NAME: Meteo-Julianadorp   CITY: Julianadorp STATE: 
ELEV: 8 LAT: 052:53:14 LONG: -004:44:07

                            TEMPERATURE ( C), RAIN (mm), WIND SPEED (kmh)

                                               HEAT     COOL           AVG
      MEAN                                     DEG      DEG            WIND                       DOM
DAY   TEMP    HIGH   TIME     LOW    TIME      DAYS     DAYS    RAIN   SPEED    HIGH    TIME      DIR
--------------------------------------------------------------------------------------------------------
01    05.5    06.5   14:03    03.6   11:09     12.8     00.0    02.0   26.3     59.2    03:45      SW
02    05.0    06.9   11:37    01.7   23:31     13.3     00.0    01.4   12.1     50.0    02:14     NNW
03    03.5    05.4   10:38    01.2   23:52     14.8     00.0    00.8   05.1     35.1    05:28     NNE
04    02.7    03.9   10:49    01.3   00:01     15.6     00.0    00.2   15.1     44.4    11:08     NNE
05    02.0    02.9   12:09   -00.3   00:00     16.3     00.0    00.0   12.5     35.1    00:55     ENE
06   -00.6    01.2   14:00   -03.6   00:00     18.9     00.0    00.0   04.4     27.8    15:38     ENE
07   -01.0    02.8   14:09   -05.8   06:22     19.3     00.0    00.0   02.2     18.5    23:22     SSE
08    02.4    05.8   12:35    00.1   08:24     15.9     00.0    00.2   09.7     37.0    16:12      S 
09    01.2    02.7   14:02    00.4   23:59     17.1     00.0    00.2   11.9     38.9    08:22     SSE
10    03.0    05.9   15:45    00.4   02:18     15.3     00.0    01.2   11.0     55.5    21:02      S 
11    05.1    06.6   07:16    02.7   23:02     13.2     00.0    03.2   32.6     74.0    10:21      SW
12    04.5    05.9   14:17    02.3   03:48     13.8     00.0    02.0   25.2     68.5    04:23     WSW
13    03.3    06.0   15:14    00.1   08:29     15.0     00.0    00.4   15.2     44.4    12:46     SSE
14    02.2    05.4   15:13   -01.1   08:19     16.1     00.0    00.0   18.1     55.5    23:17      SE
15    04.4    07.2   15:01    00.9   03:13     13.9     00.0    02.0   21.7     64.8    03:44      S 
16    05.1    07.2   13:31    01.1   00:00     13.2     00.0    00.0   15.3     44.4    00:48      SW
17    02.7    07.1   15:15   -00.1   08:27     15.6     00.0    00.0   01.7     14.8    16:15      SE
18    02.3    07.3   15:20   -01.4   07:46     16.0     00.0    00.2   04.9     25.9    15:06     SSE
19    02.2    03.1   15:24    01.0   01:56     16.1     00.0    00.4   04.2     22.2    17:18      SE
20    01.7    03.8   15:05   -00.5   03:56     16.6     00.0    00.2   00.9     20.4    21:05     ENE
21    01.5    04.5   13:18   -01.2   06:59     16.8     00.0    00.0   04.2     27.8    17:09      NE
22    01.5    04.0   13:38   -00.9   07:44     16.8     00.0    00.2   05.6     25.9    16:28      NE
23    00.5    02.8   15:03   -01.6   07:32     17.8     00.0    00.0   11.9     37.0    23:11     ENE
24    00.0    02.8   16:33   -01.9   08:02     18.3     00.0    00.0   19.8     51.8    12:04     ENE
--------------------------------------------------------------------------------------------------------
02.5 (2.4)   07.3  day 18    -05.8  day 07   378.5    000.0   014.6   12.1     74.0   day 11      S 
Min <=   30: 24
Min <=  -5: 1
Max Rain: 3.2 ON 11-02-18
Days of Rain: 14 (> .2mm) 1 (> 2mm) 0 (> 20mm)