MONTHLY CLIMATOLOGICAL SUMMARY for SEP. 2017

NAME: Meteo-Julianadorp   CITY: Julianadorp STATE: 
ELEV: 8 LAT: 052:53:14 LONG: -004:44:07

                            TEMPERATURE ( C), RAIN (mm), WIND SPEED (kmh)

                                               HEAT     COOL           AVG
      MEAN                                     DEG      DEG            WIND                       DOM
DAY   TEMP    HIGH   TIME     LOW    TIME      DAYS     DAYS    RAIN   SPEED    HIGH    TIME      DIR
--------------------------------------------------------------------------------------------------------
01    15.4    20.7   16:19    09.7   06:07     02.9     00.0    00.0   02.5     25.9    16:59     NNE
02    15.1    19.1   15:03    10.4   06:40     03.2     00.0    00.0   03.0     24.1    17:31     NNW
03    15.4    20.1   17:41    09.7   07:18     02.9     00.0    00.0   01.9     20.4    15:16      S 
04    17.7    22.7   13:55    12.8   06:17     00.6     00.0    00.0   04.6     31.4    15:24      S 
05    18.5    21.2   13:38    16.7   02:42     00.0     00.2    01.0   14.3     44.4    14:05     SSW
06    17.0    18.9   01:32    15.2   07:35     01.3     00.0    03.0   19.8     55.5    11:48     WSW
07    17.0    18.8   15:04    15.5   01:10     01.3     00.0    01.0   17.5     55.5    21:39      SW
08    16.3    18.1   16:00    12.9   00:00     02.0     00.0    17.8   21.8     55.5    10:04      SW
09    14.8    18.1   14:24    12.6   06:26     03.5     00.0    17.6   05.1     40.7    12:11      SW
10    15.5    19.3   15:02    12.4   06:01     02.8     00.0    09.2   14.6     53.6    23:25      S 
11    15.9    17.9   15:02    14.3   07:40     02.4     00.0    18.0   32.0     64.8    12:25     SSW
12    15.1    16.8   18:33    13.1   09:54     03.2     00.0    32.0   23.3     62.9    11:57      SW
13    14.7    16.9   17:52    12.3   04:16     03.6     00.0    17.6   39.6     120.3    08:52      SW
14    13.9    15.3   18:25    11.9   06:44     04.4     00.0    17.6   24.6     61.0    07:10     WSW
15    13.8    16.7   13:50    11.1   07:36     04.5     00.0    23.2   13.0     40.7    15:24     WSW
16    12.7    16.3   15:20    10.8   22:26     05.6     00.0    37.2   03.9     27.8    16:29     SSW
17    12.0    15.2   12:12    09.1   07:26     06.3     00.0    06.8   01.5     24.1    13:04     SSW
18    13.4    17.5   16:35    09.7   02:38     04.9     00.0    38.2   05.8     31.4    11:57      SW
19    13.4    17.8   14:41    07.8   07:07     04.9     00.0    00.2   04.4     27.8    23:10     WNW
20    15.8    18.8   14:29    13.8   02:28     02.5     00.0    00.0   13.4     35.1    18:02      SW
21    15.6    18.9   17:12    11.9   07:47     02.7     00.0    00.0   07.9     37.0    14:46      S 
22    13.7    16.8   17:11    09.9   00:00     04.6     00.0    06.4   01.2     20.4    16:39     WSW
23    12.8    18.8   14:34    07.4   07:08     05.5     00.0    00.0   01.4     22.2    17:05     ENE
24    13.7    18.4   15:22    09.0   08:05     04.6     00.0    00.4   02.8     25.9    16:48      E 
25    14.7    17.6   17:05    12.1   03:22     03.6     00.0    00.2   04.5     29.6    14:27     ENE
26    14.3    16.1   18:10    12.2   07:47     04.0     00.0    00.0   03.4     24.1    14:11     ENE
27    14.2    17.7   18:11    12.2   04:23     04.1     00.0    00.2   05.9     27.8    11:59      E 
28    15.9    18.7   14:27    14.3   07:55     02.4     00.0    05.8   04.1     25.9    14:29     ESE
29    16.4    20.3   16:33    13.4   06:26     01.9     00.0    07.6   05.3     35.1    18:35     SSE
--------------------------------------------------------------------------------------------------------
15.0 (15.1)   22.7  day 04     07.4  day 23   096.0    000.2   261.0   10.4     120.3   day 13      SW
Min <=   30: 29
Max Rain: 38.2 ON 18-09-17
Days of Rain: 21 (> .2mm) 15 (> 2mm) 4 (> 20mm)