MONTHLY CLIMATOLOGICAL SUMMARY for AUG. 2017

NAME: Meteo-Julianadorp   CITY: Julianadorp STATE: 
ELEV: 8 LAT: 052:53:14 LONG: -004:44:07

                            TEMPERATURE ( C), RAIN (mm), WIND SPEED (kmh)

                                               HEAT     COOL           AVG
      MEAN                                     DEG      DEG            WIND                       DOM
DAY   TEMP    HIGH   TIME     LOW    TIME      DAYS     DAYS    RAIN   SPEED    HIGH    TIME      DIR
--------------------------------------------------------------------------------------------------------
01    18.4    21.7   17:39    14.6   06:22     00.0     00.1    00.0   07.8     27.8    19:59     SSW
02    19.0    22.2   16:38    16.4   22:22     00.0     00.7    00.6   14.5     48.1    19:07     SSW
03    18.9    21.3   16:12    16.3   02:15     00.0     00.6    08.2   29.1     81.4    18:06     SSW
04    19.0    21.2   17:53    17.2   19:51     00.0     00.7    05.6   30.6     62.9    05:53      SW
05    17.7    19.7   15:03    16.2   23:24     00.6     00.0    00.2   10.9     40.7    15:30     WSW
06    18.1    20.9   16:52    14.4   00:00     00.2     00.0    00.4   13.7     44.4    01:30      SW
07    17.4    21.4   15:30    12.8   05:22     00.9     00.0    00.0   09.1     40.7    15:02     SSW
08    17.7    20.3   15:55    15.5   06:14     00.6     00.0    07.2   04.5     37.0    23:55     NNE
09    18.1    20.8   15:24    15.2   00:00     00.2     00.0    00.0   15.6     42.5    09:09      SW
10    17.1    20.6   15:17    13.5   03:31     01.2     00.0    00.2   05.9     35.1    18:30     NNE
11    17.8    20.6   17:54    15.4   07:01     00.5     00.0    00.0   07.0     37.0    21:50      SW
12    18.1    20.3   14:03    16.7   09:25     00.2     00.0    05.2   14.7     37.0    18:59     WSW
13    17.7    20.6   16:02    15.1   07:36     00.6     00.0    05.4   03.3     20.4    16:33     NNE
14    19.2    24.2   16:43    14.7   04:22     00.0     00.9    00.0   04.1     25.9    17:34     ESE
15    19.1    21.6   17:27    16.7   07:05     00.0     00.8    00.6   01.6     20.4    19:59     SSW
16    18.2    22.7   12:37    12.4   06:24     00.1     00.0    00.0   03.6     24.1    17:25     SSW
17    17.8    20.5   19:05    15.4   01:29     00.5     00.0    02.6   13.9     51.8    19:12      S 
18    18.7    20.9   16:38    14.3   00:00     00.0     00.4    01.2   21.6     55.5    13:31     SSW
19    16.2    19.4   17:20    12.8   01:06     02.1     00.0    13.2   20.4     55.5    19:49      SW
20    17.1    18.9   14:42    16.2   23:52     01.2     00.0    00.2   18.9     48.1    08:36     WSW
21    17.0    21.8   15:31    10.8   07:14     01.3     00.0    00.0   01.3     22.2    13:32      W 
22    18.3    22.3   14:48    15.3   06:56     00.0     00.0    00.0   03.9     27.8    18:04     ENE
23    19.4    25.0   16:17    14.3   07:18     00.0     01.1    00.0   06.9     31.4    15:45     ESE
24    19.2    20.8   16:05    17.5   06:45     00.0     00.9    00.0   12.4     35.1    15:55      SW
25    19.2    21.7   14:06    15.6   07:41     00.0     00.9    00.0   04.4     27.8    00:23      SW
26    18.6    24.2   15:19    14.7   06:46     00.0     00.3    00.0   01.4     20.4    17:38      W 
27    18.3    22.3   15:58    12.6   07:02     00.0     00.0    00.2   03.4     22.2    17:13     WSW
28    18.6    23.9   15:32    11.8   07:00     00.0     00.3    00.0   00.8     14.8    14:11     NNE
29    19.6    24.6   12:47    15.2   07:20     00.0     01.3    01.0   05.0     27.8    13:23     SSW
30    16.5    18.6   01:05    13.9   23:53     01.8     00.0    39.0   10.2     44.4    19:35      N 
31    15.4    19.3   15:17    13.0   23:36     02.9     00.0    04.6   08.0     35.1    03:37     WNW
--------------------------------------------------------------------------------------------------------
18.1 (18.1)   25.0  day 23     10.8  day 21   014.9    009.1   095.6   10.0     81.4   day 03      SW
Min <=   30: 31
Max Rain: 39.0 ON 30-08-17
Days of Rain: 18 (> .2mm) 9 (> 2mm) 1 (> 20mm)