MONTHLY CLIMATOLOGICAL SUMMARY for JUL. 2017

NAME: Meteo-Julianadorp   CITY: Julianadorp STATE: 
ELEV: 8 LAT: 052:53:14 LONG: -004:44:07

                            TEMPERATURE ( C), RAIN (mm), WIND SPEED (kmh)

                                               HEAT     COOL           AVG
      MEAN                                     DEG      DEG            WIND                       DOM
DAY   TEMP    HIGH   TIME     LOW    TIME      DAYS     DAYS    RAIN   SPEED    HIGH    TIME      DIR
--------------------------------------------------------------------------------------------------------
01    16.2    17.9   18:25    14.5   01:58     02.1     00.0    05.6   13.9     40.7    12:03     NNW
02    17.0    18.8   17:01    14.7   00:00     01.3     00.0    00.4   13.3     42.5    04:52     WSW
03    17.6    20.7   12:41    14.3   00:24     00.7     00.0    00.0   20.1     55.5    10:34     SSW
04    17.5    20.9   16:38    13.9   05:40     00.8     00.0    00.0   02.8     24.1    14:25     NNE
05    18.9    22.9   16:07    15.6   06:36     00.0     00.6    00.0   04.2     27.8    17:49     NNW
06    19.5    24.7   16:05    14.5   06:16     00.0     01.2    02.4   03.0     25.9    14:50      E 
07    20.0    23.1   12:55    17.9   00:00     00.0     01.7    00.6   05.2     33.3    17:29     WSW
08    18.2    20.3   14:52    15.6   00:00     00.1     00.0    00.0   04.2     29.6    15:22      NW
09    18.1    22.6   17:03    12.0   05:16     00.2     00.0    00.0   02.9     24.1    17:42      W 
10    19.1    23.6   13:26    16.6   06:31     00.0     00.8    00.4   06.8     31.4    23:11     SSW
11    18.5    20.6   16:26    16.8   06:20     00.0     00.2    00.2   14.1     38.9    23:37      SW
12    16.3    18.3   00:11    14.8   00:00     02.0     00.0    09.2   16.5     48.1    16:17     NNW
13    16.5    19.8   17:14    12.1   05:11     01.8     00.0    00.0   03.5     25.9    15:48     WNW
14    16.0    18.6   10:26    12.6   04:00     02.3     00.0    08.2   14.3     48.1    18:20     WSW
15    17.9    20.7   16:32    15.3   04:21     00.4     00.0    00.4   14.3     40.7    00:43      SW
16    18.6    20.3   12:05    16.8   00:00     00.0     00.3    00.6   11.5     35.1    01:10      SW
17    17.7    21.2   16:43    12.8   04:03     00.6     00.0    00.0   03.3     22.2    16:37      W 
18    18.7    23.3   17:03    13.6   05:54     00.0     00.4    00.0   07.5     33.3    21:11      NE
19    22.2    31.5   16:56    17.4   04:42     00.0     03.9    00.0   10.5     40.7    13:51     ESE
20    20.1    23.3   17:08    16.2   23:57     00.0     01.8    00.6   12.7     53.6    19:42     SSW
21    18.1    22.6   19:11    13.6   06:28     00.2     00.0    00.0   04.1     25.9    11:41     SSW
22    20.1    25.8   12:40    17.2   07:05     00.0     01.8    00.4   06.9     37.0    13:47      S 
23    17.2    19.7   12:26    14.3   09:30     01.1     00.0    11.4   09.7     37.0    17:47     SSW
24    16.6    20.8   15:51    13.7   06:12     01.7     00.0    17.0   04.1     31.4    16:34      N 
25    17.4    19.3   15:02    15.3   05:41     00.9     00.0    06.6   13.8     51.8    14:18     NNW
26    18.7    21.8   18:55    16.0   03:57     00.0     00.4    04.0   08.6     51.8    23:59     SSW
27    18.3    20.2   15:05    17.2   09:35     00.0     00.0    00.8   21.5     48.1    22:59      SW
28    18.7    21.3   16:51    17.0   07:52     00.0     00.4    00.4   29.5     64.8    23:38     SSW
29    18.6    21.5   14:05    15.8   22:25     00.0     00.3    22.4   20.3     72.2    04:09     SSW
30    18.6    21.3   09:07    16.3   00:02     00.0     00.3    01.0   15.0     55.5    11:53     SSW
31    19.2    21.8   16:58    17.0   23:36     00.0     00.9    00.2   18.4     44.4    11:32     SSW
--------------------------------------------------------------------------------------------------------
18.3 (18.4)   31.5  day 19     12.0  day 09   016.3    015.1   092.8   10.9     72.2   day 29      SW
Max >=  30: 1
Min <=   30: 31
Max Rain: 22.4 ON 29-07-17
Days of Rain: 21 (> .2mm) 9 (> 2mm) 1 (> 20mm)