MONTHLY CLIMATOLOGICAL SUMMARY for JUN. 2017

NAME: Meteo-Julianadorp   CITY: Julianadorp STATE: 
ELEV: 8 LAT: 052:53:14 LONG: -004:44:07

                            TEMPERATURE ( C), RAIN (mm), WIND SPEED (kmh)

                                               HEAT     COOL           AVG
      MEAN                                     DEG      DEG            WIND                       DOM
DAY   TEMP    HIGH   TIME     LOW    TIME      DAYS     DAYS    RAIN   SPEED    HIGH    TIME      DIR
--------------------------------------------------------------------------------------------------------
01    16.0    21.6   18:17    08.8   06:12     02.3     00.0    00.0   03.2     31.4    13:11     NNW
02    19.4    23.4   18:41    13.8   05:32     00.0     01.1    00.0   02.7     20.4    14:41     WNW
03    17.7    22.5   13:08    14.7   00:00     00.6     00.0    01.6   07.2     37.0    14:35     WSW
04    16.1    18.1   11:05    14.3   23:43     02.2     00.0    00.0   14.2     38.9    16:45      SW
05    16.8    19.6   12:10    13.6   03:41     01.5     00.0    00.0   17.6     51.8    12:23     SSW
06    15.1    17.6   01:34    12.9   22:40     03.2     00.0    04.4   29.5     94.3    16:30     SSW
07    14.2    16.4   19:22    11.6   12:48     04.1     00.0    07.6   41.2     83.3    05:16      SW
08    16.0    19.6   17:32    13.6   08:03     02.3     00.0    01.4   24.5     53.6    11:08     SSW
09    15.7    18.0   16:16    14.6   09:10     02.6     00.0    29.4   12.0     48.1    17:53     SSW
10    17.5    23.1   19:52    13.8   05:00     00.8     00.0    00.0   12.9     40.7    13:55     SSW
11    18.9    24.7   13:51    15.1   02:42     00.0     00.6    00.0   19.1     48.1    20:22     SSW
12    16.3    18.6   16:25    14.4   06:20     02.0     00.0    00.0   26.8     57.4    05:00      SW
13    16.2    18.2   17:17    14.0   00:00     02.1     00.0    00.0   13.1     37.0    03:52     WSW
14    17.7    23.8   16:01    10.7   05:55     00.6     00.0    00.0   04.3     31.4    17:52     ENE
15    19.3    26.3   12:35    16.1   06:31     00.0     01.0    00.0   12.6     44.4    14:16     SSW
16    16.8    18.3   18:02    15.2   23:24     01.5     00.0    00.0   17.2     48.1    13:21     WSW
17    17.8    20.3   16:03    15.6   00:02     00.5     00.0    00.0   09.4     31.4    01:45     WSW
18    20.3    25.6   18:48    13.7   06:04     00.0     02.0    00.0   04.5     25.9    12:29      SW
19    23.6    28.8   15:11    18.1   05:44     00.0     05.3    00.0   02.9     22.2    16:22      N 
20    19.3    21.4   00:02    15.7   00:00     00.0     01.0    00.0   11.3     42.5    17:24      NE
21    19.7    26.4   18:08    13.9   06:04     00.0     01.4    00.0   07.8     27.8    10:09     ENE
22    20.5    24.2   07:39    16.6   23:28     00.0     02.2    01.6   18.0     53.6    22:01     SSW
23    17.7    19.6   11:01    16.3   05:51     00.6     00.0    00.2   21.9     48.1    17:50      SW
24    17.9    20.2   17:57    16.8   07:30     00.4     00.0    01.4   23.8     53.6    07:04     SSW
25    16.9    17.9   18:41    15.2   13:24     01.4     00.0    05.8   16.7     48.1    21:33      SW
26    16.6    18.7   14:44    13.8   00:00     01.7     00.0    00.0   10.1     33.3    03:41     WNW
27    16.8    20.8   16:31    12.4   05:53     01.5     00.0    00.0   08.5     33.3    15:02     ENE
28    17.6    21.2   14:49    16.2   04:12     00.7     00.0    10.4   11.3     35.1    20:42     SSE
29    17.7    19.9   17:50    15.4   04:46     00.6     00.0    00.0   12.6     38.9    09:19     SSW
30    17.0    18.9   12:02    15.1   22:52     01.3     00.0    02.6   07.7     31.4    22:45     WSW
--------------------------------------------------------------------------------------------------------
17.6 (17.8)   28.8  day 19     08.8  day 01   034.4    014.5   067.0   14.2     94.4   day 07      SW
Min <=   30: 30
Max Rain: 29.4 ON 9-06-17
Days of Rain: 11 (> .2mm) 6 (> 2mm) 1 (> 20mm)