MONTHLY CLIMATOLOGICAL SUMMARY for MAY. 2017

NAME: Meteo-Julianadorp   CITY: Julianadorp STATE: 
ELEV: 8 LAT: 052:53:14 LONG: -004:44:07

                            TEMPERATURE ( C), RAIN (mm), WIND SPEED (kmh)

                                               HEAT     COOL           AVG
      MEAN                                     DEG      DEG            WIND                       DOM
DAY   TEMP    HIGH   TIME     LOW    TIME      DAYS     DAYS    RAIN   SPEED    HIGH    TIME      DIR
--------------------------------------------------------------------------------------------------------
01    11.5    13.3   14:35    10.1   09:08     06.8     00.0    02.6   09.8     44.4    05:12      E 
02    11.1    14.2   15:31    09.6   05:03     07.2     00.0    00.6   06.3     42.5    14:51      NE
03    10.9    13.9   17:41    08.4   02:58     07.4     00.0    01.8   09.8     35.1    09:09      NE
04    10.2    12.2   18:15    08.5   11:38     08.1     00.0    00.6   14.0     48.1    17:33      NE
05    10.3    12.0   15:24    09.4   00:00     08.0     00.0    00.0   11.3     35.1    16:02      NE
06    11.3    16.3   17:45    08.7   06:36     07.0     00.0    00.0   10.6     33.3    19:21      NE
07    10.6    13.5   13:13    08.9   00:00     07.7     00.0    00.0   11.6     33.3    23:47     NNW
08    10.1    13.1   15:00    07.3   00:00     08.2     00.0    00.2   14.9     44.4    18:19      N 
09    09.1    11.8   16:28    06.3   06:52     09.2     00.0    00.0   06.3     31.4    15:52      NW
10    09.8    12.7   16:54    08.0   06:29     08.5     00.0    00.0   05.0     24.1    14:51     WSW
11    13.9    20.3   17:16    07.2   06:33     04.4     00.0    00.0   08.1     33.3    12:17     ENE
12    15.4    18.7   20:00    13.4   06:00     02.9     00.0    02.4   06.1     37.0    15:15      S 
13    14.6    17.9   16:30    11.5   00:00     03.7     00.0    00.8   10.4     40.7    15:05     SSW
14    13.8    18.8   11:11    09.3   05:01     04.5     00.0    00.2   10.7     42.5    13:36     SSW
15    14.4    20.6   15:45    09.0   05:55     03.9     00.0    00.2   10.4     37.0    13:58     SSW
16    18.1    22.3   15:20    15.8   00:00     00.2     00.0    00.2   16.8     42.5    12:37     SSW
17    21.2    28.2   17:02    15.2   05:03     00.0     02.9    00.0   03.9     27.8    15:37     ESE
18    14.8    21.3   00:03    12.4   08:38     03.5     00.0    02.2   07.7     31.4    21:59      NW
19    13.2    15.6   07:20    11.6   22:15     05.1     00.0    02.6   21.0     64.8    12:42     SSW
20    13.7    16.6   16:34    10.3   06:44     04.6     00.0    00.0   14.4     40.7    09:09     SSW
21    13.9    17.3   17:15    09.3   05:12     04.4     00.0    00.0   08.2     31.4    10:17     SSW
22    18.1    24.3   15:07    11.3   05:56     00.2     00.0    00.0   04.0     33.3    13:51     ESE
23    15.4    18.4   00:06    13.1   23:02     02.9     00.0    00.0   08.8     35.1    15:23      W 
24    14.5    17.5   13:54    11.2   04:39     03.8     00.0    00.0   06.0     31.4    15:52      W 
25    16.4    21.3   16:50    11.3   06:03     01.9     00.0    00.2   03.9     24.1    15:17      N 
26    19.4    24.3   18:01    13.7   05:51     00.0     01.1    00.0   07.9     37.0    21:00     ENE
27    22.2    30.8   15:35    16.8   00:00     00.0     03.9    00.0   11.4     38.9    19:06     SSE
28    17.4    19.5   17:48    14.9   06:28     00.9     00.0    00.0   13.2     33.3    11:26      SW
29    19.2    21.6   13:24    15.5   08:08     00.0     00.9    04.2   09.1     33.3    14:14      NE
30    16.3    18.3   00:26    15.2   09:31     02.0     00.0    00.0   17.7     42.5    16:55      SW
31    16.0    18.9   14:20    12.5   23:36     02.3     00.0    00.0   07.3     27.8    01:32      W 
--------------------------------------------------------------------------------------------------------
14.4 (14.7)   30.8  day 27     06.3  day 09   129.5    008.9   018.8   09.9     64.8   day 19      S 
Max >=  30: 1
Min <=   30: 31
Max Rain: 4.2 ON 29-05-17
Days of Rain: 14 (> .2mm) 5 (> 2mm) 0 (> 20mm)