MONTHLY CLIMATOLOGICAL SUMMARY for APR. 2017

NAME: Meteo-Julianadorp   CITY: Julianadorp STATE: 
ELEV: 8 LAT: 052:53:14 LONG: -004:44:07

                            TEMPERATURE ( C), RAIN (mm), WIND SPEED (kmh)

                                               HEAT     COOL           AVG
      MEAN                                     DEG      DEG            WIND                       DOM
DAY   TEMP    HIGH   TIME     LOW    TIME      DAYS     DAYS    RAIN   SPEED    HIGH    TIME      DIR
--------------------------------------------------------------------------------------------------------
01    10.0    13.8   11:00    06.7   06:13     08.3     00.0    00.6   08.1     31.4    11:26     SSW
02    09.3    12.7   14:37    07.5   23:47     09.0     00.0    00.2   08.5     31.4    14:00     WSW
03    09.0    12.9   16:40    07.3   02:52     09.3     00.0    00.0   01.9     18.5    15:07     SSW
04    09.7    13.9   13:34    05.6   06:46     08.6     00.0    00.2   03.4     27.8    14:40     WSW
05    09.2    10.9   14:03    07.4   06:53     09.1     00.0    00.2   12.0     40.7    23:24      NW
06    08.8    10.7   17:42    07.3   08:25     09.5     00.0    00.0   13.8     44.4    02:19      NW
07    09.9    12.4   13:13    08.4   00:52     08.4     00.0    00.0   12.4     35.1    00:22     WSW
08    10.1    13.2   15:02    07.1   23:51     08.2     00.0    00.0   03.6     20.4    14:47     WSW
09    12.0    17.7   16:40    04.9   07:50     06.3     00.0    00.0   07.0     33.3    23:55     SSW
10    10.2    13.6   01:09    07.6   23:56     08.1     00.0    00.0   16.5     51.8    01:01      W 
11    09.9    12.1   15:30    07.6   01:53     08.4     00.0    00.0   18.0     38.9    17:53      SW
12    09.7    10.8   12:22    08.7   22:17     08.6     00.0    03.0   22.6     51.8    12:42      SW
13    09.6    11.8   13:51    08.1   22:49     08.7     00.0    00.0   15.7     38.9    05:06     WSW
14    10.2    12.2   17:40    08.2   01:42     08.1     00.0    00.6   17.4     40.7    23:48      SW
15    09.6    10.9   16:51    06.8   21:16     08.7     00.0    09.0   23.7     55.5    21:07     WSW
16    09.4    11.6   15:42    07.4   00:00     08.9     00.0    00.4   12.9     38.9    15:12      W 
17    07.5    09.6   14:23    05.3   07:40     10.8     00.0    02.2   15.0     57.4    16:06     NNW
18    07.2    10.8   15:03    04.5   05:49     11.1     00.0    00.8   11.6     51.8    18:24     NNE
19    06.0    09.3   15:09    02.1   07:34     12.3     00.0    01.0   01.8     31.4    01:47      NE
20    07.2    11.8   15:49    01.0   06:15     11.1     00.0    00.0   12.9     40.7    16:51     SSW
21    10.6    12.5   13:02    08.2   00:00     07.7     00.0    00.6   13.7     42.5    15:39      SW
22    08.3    10.3   13:16    05.5   22:46     10.0     00.0    00.6   15.7     64.8    17:09      NW
23    08.2    11.1   14:11    05.6   00:42     10.1     00.0    00.6   13.3     40.7    07:33     WNW
24    09.6    11.9   12:08    07.2   23:39     08.7     00.0    05.2   19.2     53.6    05:11      SW
25    06.6    09.4   14:32    04.7   02:17     11.7     00.0    04.8   19.0     59.2    09:49      W 
26    07.0    10.3   17:06    03.1   07:03     11.3     00.0    00.2   08.4     38.9    18:37     NNW
27    07.3    10.2   15:36    03.8   04:30     11.0     00.0    03.4   14.0     44.4    17:10      SW
28    08.7    11.2   13:49    06.5   06:14     09.6     00.0    00.2   07.3     29.6    16:32     WNW
29    09.5    13.6   15:02    06.7   03:47     08.8     00.0    00.0   05.8     22.2    19:28      W 
30    12.0    17.9   17:13    06.2   06:33     06.3     00.0    00.0   16.9     51.8    15:48      E 
--------------------------------------------------------------------------------------------------------
09.1 (9.1)   17.9  day 30     01.0  day 20   276.5    000.0   033.8   12.4     64.8   day 25     WSW
Min <=   30: 30
Max Rain: 9.0 ON 15-04-17
Days of Rain: 19 (> .2mm) 6 (> 2mm) 0 (> 20mm)