MONTHLY CLIMATOLOGICAL SUMMARY for MAR. 2017

NAME: Meteo-Julianadorp   CITY: Julianadorp STATE: 
ELEV: 8 LAT: 052:53:14 LONG: -004:44:07

                            TEMPERATURE ( C), RAIN (mm), WIND SPEED (kmh)

                                               HEAT     COOL           AVG
      MEAN                                     DEG      DEG            WIND                       DOM
DAY   TEMP    HIGH   TIME     LOW    TIME      DAYS     DAYS    RAIN   SPEED    HIGH    TIME      DIR
--------------------------------------------------------------------------------------------------------
01    06.0    08.0   14:05    04.0   07:44     12.3     00.0    06.4   11.0     40.7    00:06     SSW
02    06.2    07.9   14:09    03.0   05:10     12.1     00.0    15.4   22.3     68.5    06:07      SW
03    06.3    08.5   13:42    03.2   08:03     12.0     00.0    02.2   07.3     33.3    10:23      SE
04    08.1    11.9   14:56    06.6   06:47     10.2     00.0    00.8   04.3     33.3    15:24      S 
05    07.4    10.9   14:17    05.6   19:20     10.9     00.0    03.6   18.0     55.5    10:45      S 
06    06.0    09.4   14:30    02.3   08:07     12.3     00.0    00.0   00.8     18.5    16:02      NE
07    06.5    08.4   14:41    05.1   00:00     11.8     00.0    00.0   01.8     22.2    21:58      W 
08    06.4    08.6   14:13    04.4   02:32     11.9     00.0    07.0   09.8     48.1    09:12      S 
09    07.3    09.9   14:35    04.8   05:34     11.0     00.0    00.6   13.8     57.4    13:48     WSW
10    07.2    09.8   11:47    04.6   07:49     11.1     00.0    00.0   02.5     22.2    22:18      SW
11    08.2    12.1   15:33    04.5   06:28     10.1     00.0    00.0   02.7     20.4    16:59     ESE
12    08.8    13.5   15:10    05.4   07:29     09.5     00.0    00.0   06.8     31.4    09:33     ESE
13    06.8    09.7   15:31    02.3   07:03     11.5     00.0    00.0   04.3     27.8    15:14      W 
14    08.3    10.8   13:04    06.7   01:21     10.0     00.0    00.0   16.8     40.7    13:22     SSW
15    08.6    11.6   14:08    05.4   21:19     09.7     00.0    00.0   07.0     27.8    03:20     WSW
16    09.4    13.4   15:44    04.8   03:28     08.9     00.0    00.0   14.8     48.1    13:59     SSW
17    07.8    09.2   14:14    06.8   06:57     10.5     00.0    07.8   25.4     57.4    23:46      SW
18    08.4    09.8   06:55    07.5   00:38     09.9     00.0    01.8   16.9     66.6    03:34      SW
19    09.6    11.0   14:14    08.4   00:04     08.7     00.0    03.6   27.6     57.4    10:32     SSW
20    08.9    09.7   09:50    07.5   23:55     09.4     00.0    04.4   26.5     75.8    17:30     SSW
21    07.8    09.0   17:20    07.1   21:06     10.5     00.0    00.4   23.2     53.6    11:14      SW
22    08.0    12.3   14:20    02.9   07:21     10.3     00.0    00.0   10.2     38.9    14:45      SE
23    08.0    11.8   14:20    04.3   06:21     10.3     00.0    00.0   11.0     48.1    16:14      NE
24    08.1    12.3   15:24    05.3   07:24     10.2     00.0    00.0   13.6     38.9    17:22      NE
25    08.2    11.6   14:31    04.9   07:13     10.1     00.0    00.0   08.9     35.1    16:08     NNE
26    09.1    12.3   16:32    06.6   07:46     09.2     00.0    00.0   07.1     31.4    18:23      NE
27    10.1    16.9   16:33    04.9   08:37     08.2     00.0    00.2   06.2     27.8    17:04     ENE
28    10.0    16.4   15:17    03.8   07:17     08.3     00.0    00.2   07.9     33.3    17:32     SSW
29    10.1    11.8   14:08    09.2   08:24     08.2     00.0    00.6   21.3     51.8    04:49     SSW
30    13.8    18.7   18:44    10.0   01:57     04.5     00.0    00.0   16.8     48.1    13:34     SSW
31    13.6    20.3   13:01    10.1   23:36     04.7     00.0    00.2   15.6     55.5    15:51      S 
--------------------------------------------------------------------------------------------------------
08.3 (8.5)   20.3  day 31     02.3  day 13   308.6    000.0   055.2   12.3     75.9   day 20     SSW
Min <=   30: 31
Max Rain: 15.4 ON 2-03-17
Days of Rain: 16 (> .2mm) 8 (> 2mm) 0 (> 20mm)