MONTHLY CLIMATOLOGICAL SUMMARY for FEB. 2017

NAME: Meteo-Julianadorp   CITY: Julianadorp STATE: 
ELEV: 8 LAT: 052:53:14 LONG: -004:44:07

                            TEMPERATURE ( C), RAIN (mm), WIND SPEED (kmh)

                                               HEAT     COOL           AVG
      MEAN                                     DEG      DEG            WIND                       DOM
DAY   TEMP    HIGH   TIME     LOW    TIME      DAYS     DAYS    RAIN   SPEED    HIGH    TIME      DIR
--------------------------------------------------------------------------------------------------------
01    03.5    05.5   00:00    01.4   08:52     14.8     00.0    01.6   10.2     40.7    08:39      SE
02    08.2    11.2   14:20    05.5   00:01     10.1     00.0    01.4   09.6     33.3    21:23      SE
03    08.6    10.6   13:36    05.9   23:45     09.7     00.0    00.4   05.2     35.1    12:34     SSE
04    05.8    07.2   14:33    04.1   09:03     12.5     00.0    07.2   03.8     35.1    03:46     SSE
05    05.1    05.7   14:22    03.8   00:00     13.2     00.0    04.0   00.1     18.5    11:37     NNW
06    04.4    05.3   14:35    03.2   02:11     13.9     00.0    00.0   02.1     27.8    22:54      E 
07    01.7    03.6   00:01    00.3   23:34     16.6     00.0    01.0   13.6     37.0    13:22      E 
08   -00.2    00.4   00:01   -00.8   00:00     18.5     00.0    00.0   12.1     37.0    11:48     ENE
09   -01.4   -00.8   00:08   -02.1   21:40     19.7     00.0    00.0   11.0     33.3    15:17     ENE
10   -01.9   -01.1   00:00   -02.9   06:55     20.2     00.0    00.0   06.8     33.3    07:55     ENE
11   -00.0    01.4   15:03   -01.1   03:22     18.3     00.0    00.2   07.3     37.0    22:44     ENE
12   -00.1    01.8   16:02   -01.7   03:52     18.4     00.0    02.2   15.6     40.7    05:25     ENE
13    01.5    04.7   16:32   -01.5   08:06     16.8     00.0    02.2   16.7     40.7    14:40     ENE
14    02.9    05.7   16:08    00.4   08:31     15.4     00.0    00.0   11.7     33.3    00:48      E 
15    06.3    11.8   15:28    01.7   08:10     12.0     00.0    00.2   06.1     37.0    21:08     SSE
16    06.2    07.9   13:30    05.2   20:21     12.1     00.0    00.4   17.9     42.5    23:56     SSW
17    06.7    07.4   14:40    05.5   00:00     11.6     00.0    00.2   11.5     40.7    05:28     WSW
18    04.8    06.0   15:02    03.6   08:29     13.5     00.0    00.0   07.3     33.3    20:59     SSW
19    06.6    08.3   13:44    05.2   02:18     11.7     00.0    00.6   15.3     40.7    15:12      SW
20    07.8    09.2   21:42    06.7   00:06     10.5     00.0    00.4   22.9     50.0    18:07      SW
21    07.6    08.7   13:07    06.6   18:04     10.7     00.0    00.2   18.4     51.8    23:28      SW
22    07.6    08.8   09:17    06.6   21:03     10.7     00.0    05.2   29.7     64.8    04:47      SW
23    06.9    08.9   14:00    04.6   22:29     11.4     00.0    17.8   34.0     101.8    17:22      SW
24    05.8    08.1   12:59    04.2   23:26     12.5     00.0    00.2   12.0     57.4    00:17      W 
25    06.0    07.4   18:42    03.4   01:55     12.3     00.0    07.6   26.2     62.9    17:54     SSW
26    07.6    08.4   20:19    06.7   02:24     10.7     00.0    02.2   30.0     57.4    20:56     SSW
27    08.0    08.9   17:54    05.4   23:59     10.3     00.0    11.6   25.9     68.5    19:14      S 
28    05.2    08.0   21:00    02.9   08:49     13.1     00.0    05.2   28.8     62.9    00:34     SSW
--------------------------------------------------------------------------------------------------------
04.7 (4.7)   11.8  day 15    -02.9  day 10   381.1    000.0   072.0   14.7     101.8   day 23      S 
Max <=   0: 2
Min <=   30: 28
Max Rain: 17.8 ON 23-02-17
Days of Rain: 22 (> .2mm) 10 (> 2mm) 0 (> 20mm)