MONTHLY CLIMATOLOGICAL SUMMARY for JAN. 2017

NAME: Meteo-Julianadorp   CITY: Julianadorp STATE: 
ELEV: 8 LAT: 052:53:14 LONG: -004:44:07

                            TEMPERATURE ( C), RAIN (mm), WIND SPEED (kmh)

                                               HEAT     COOL           AVG
      MEAN                                     DEG      DEG            WIND                       DOM
DAY   TEMP    HIGH   TIME     LOW    TIME      DAYS     DAYS    RAIN   SPEED    HIGH    TIME      DIR
--------------------------------------------------------------------------------------------------------
16    00.4    02.7   13:52   -02.5   00:00     17.9     00.0    00.0   02.2     22.2    14:29      E 
17   -02.1   -00.6   15:29   -03.5   03:13     20.4     00.0    00.0   01.0     12.9    18:40      SE
18   -02.3   -00.4   16:13   -04.2   08:53     20.6     00.0    00.0   00.5     11.1    01:02      SE
19   -00.9    03.3   15:41   -03.3   08:33     19.2     00.0    00.2   00.0     05.5    14:37      SE
20   -00.6    03.0   14:47   -04.3   06:58     18.9     00.0    00.0   00.1     11.1    14:35      E 
21    02.5    03.7   13:09    00.3   00:00     15.8     00.0    00.4   02.4     24.1    12:19      E 
22    00.1    03.6   15:50   -04.0   08:42     18.2     00.0    00.2   00.5     12.9    16:50     SSE
23    01.0    04.8   21:36   -02.3   08:32     17.3     00.0    00.2   00.2     18.5    23:38     SSW
24    02.6    05.7   12:05   -00.5   19:17     15.7     00.0    00.6   01.4     18.5    21:45      SE
25   -00.0    01.1   00:01   -01.3   00:00     18.3     00.0    00.2   02.0     27.8    11:24      SE
26   -01.0    00.2   15:26   -02.1   05:34     19.3     00.0    00.0   03.8     33.3    12:09     ESE
27    00.7    03.6   20:45   -02.6   08:44     17.6     00.0    00.0   05.1     33.3    11:58      SE
28    05.2    09.2   15:43    02.7   00:48     13.1     00.0    00.0   09.9     44.4    22:12      S 
29    05.3    06.8   13:01    04.0   07:42     13.0     00.0    07.8   13.7     42.5    08:57     SSW
30    04.5    04.9   14:36    04.0   16:58     13.8     00.0    04.4   05.0     31.4    14:43      NE
31    04.1    04.9   11:52    03.2   22:11     14.2     00.0    00.0   01.5     25.9    21:39      E 
--------------------------------------------------------------------------------------------------------
01.2 (1.3)   09.2  day 28    -04.3  day 20   273.2    000.0   068.2   03.1     44.4   day 29     SSE
Max <=   0: 2
Min <=   30: 16
Max Rain: 7.8 ON 29-01-17
Days of Rain: 8 (> .2mm) 2 (> 2mm) 0 (> 20mm)