MONTHLY CLIMATOLOGICAL SUMMARY for OCT. 2017

NAME: Meteo-Julianadorp   CITY: Julianadorp STATE: 
ELEV: 8 LAT: 052:53:14 LONG: -004:44:07

                            TEMPERATURE ( C), RAIN (mm), WIND SPEED (kmh)

                                               HEAT     COOL           AVG
      MEAN                                     DEG      DEG            WIND                       DOM
DAY   TEMP    HIGH   TIME     LOW    TIME      DAYS     DAYS    RAIN   SPEED    HIGH    TIME      DIR
--------------------------------------------------------------------------------------------------------
01    14.0    17.0   13:43    10.6   01:00     04.3     00.0    00.2   09.9     44.4    15:04      S 
02    16.0    17.0   10:08    14.6   21:23     02.3     00.0    01.4   30.4     62.9    03:23      SW
03    14.7    16.1   14:03    13.6   07:45     03.6     00.0    00.4   25.3     57.4    01:17     WSW
04    14.2    14.9   22:29    13.4   23:47     04.1     00.0    01.2   30.9     64.8    19:00      SW
05    13.8    16.1   08:50    11.9   23:43     04.5     00.0    10.6   34.3     88.8    09:41     WSW
06    13.0    15.0   15:34    11.5   01:11     05.3     00.0    05.2   22.4     61.0    11:53      NW
07    13.8    15.2   15:52    12.0   00:02     04.5     00.0    05.0   28.4     59.2    11:22      SW
08    13.4    14.4   15:11    12.0   09:02     04.9     00.0    03.2   08.8     37.0    04:11      NW
09    13.9    16.8   14:25    11.2   05:52     04.4     00.0    02.0   06.7     37.0    20:21      SW
10    15.0    16.1   12:00    13.7   02:10     03.3     00.0    00.0   18.1     48.1    20:24      SW
11    15.6    16.7   14:03    14.6   23:40     02.7     00.0    05.8   32.7     62.9    23:06     SSW
12    14.6    15.6   02:33    13.4   08:47     03.7     00.0    00.0   27.9     68.5    06:00      SW
13    15.7    17.1   16:54    14.1   07:28     02.6     00.0    00.0   22.2     48.1    17:29     SSW
14    16.1    18.1   14:12    13.3   00:00     02.2     00.0    00.0   17.0     40.7    14:13     SSW
15    16.3    22.2   16:19    11.9   03:48     02.0     00.0    00.4   06.5     42.5    15:41      S 
16    18.8    24.0   14:48    15.7   04:38     00.0     00.5    00.0   14.4     42.5    21:57      S 
17    15.1    17.0   00:04    13.9   00:00     03.2     00.0    00.0   25.8     51.8    12:26     SSW
18    13.5    16.0   15:27    10.6   04:08     04.8     00.0    00.0   04.2     25.9    15:52     ENE
19    15.7    19.3   14:10    12.4   07:51     02.6     00.0    00.0   05.9     33.3    13:34      SE
20    14.5    17.2   01:19    12.7   09:44     03.8     00.0    17.6   21.5     66.6    21:11     SSW
21    13.4    16.3   14:00    11.7   08:01     04.9     00.0    02.4   23.1     74.0    18:15      S 
22    12.4    13.3   22:37    10.4   04:56     05.9     00.0    10.8   28.8     64.8    17:48      SW
23    13.0    14.1   16:45    11.0   20:26     05.3     00.0    00.4   20.0     57.4    04:43     WSW
24    15.1    15.9   19:28    13.1   00:09     03.2     00.0    02.2   15.6     44.4    18:08     SSW
25    15.2    16.6   14:01    12.0   00:00     03.1     00.0    00.0   20.8     66.6    09:19      SW
26    14.0    15.5   14:18    10.7   01:58     04.3     00.0    00.0   12.1     37.0    23:49     WSW
27    12.8    14.3   13:45    11.6   10:17     05.5     00.0    02.6   19.2     55.5    10:01      NW
28    13.3    15.4   00:00    11.7   07:43     05.0     00.0    00.2   34.2     74.0    23:23     WSW
29    11.9    15.4   00:38    09.1   23:57     06.4     00.0    01.6   32.2     85.1    04:27      NW
30    10.0    11.8   12:04    08.6   07:46     08.3     00.0    01.2   13.3     51.8    00:25     NNW
31    12.0    13.4   22:13    10.2   00:49     06.3     00.0    00.4   21.5     44.4    13:09      SW
--------------------------------------------------------------------------------------------------------
14.2 (14.2)   24.0  day 16     08.6  day 30   127.0    000.5   074.8   20.5     88.8   day 05      SW
Min <=   30: 31
Max Rain: 17.6 ON 20-10-17
Days of Rain: 21 (> .2mm) 10 (> 2mm) 0 (> 20mm)